y 155.
44
What is the remainder when 5508 is divided by 9?
0
Calculate the remainder when 1844 is divided by 674.
496
What is the remainder when 228058 is divided by 84?
82
Calculate the remainder when 30246 is divided by 4309.
83
What is the remainder when 135725 is divided by 18?
5
Calculate the remainder when 5778 is divided by 402.
150
What is the remainder when 578363 is divided by 12?
11
Calculate the remainder when 32317 is divided by 64.
61
What is the remainder when 476 is divided by 435?
41
What is the remainder when 55606 is divided by 28?
26
Calculate the remainder when 1439 is divided by 18.
17
Calculate the remainder when 65969 is divided by 16483.
37
What is the remainder when 453 is divided by 188?
77
What is the remainder when 3647 is divided by 460?
427
Calculate the remainder when 753638 is divided by 9.
5
Calculate the remainder when 3837469 is divided by 25.
19
Calculate the remainder when 105724 is divided by 118.
114
Calculate the remainder when 47257 is divided by 1246.
1155
Calculate the remainder when 625241 is divided by 1182.
1145
Calculate the remainder when 205288 is divided by 473.
6
What is the remainder when 240004 is divided by 106?
20
Calculate the remainder when 650 is divided by 601.
49
Calculate the remainder when 1945 is divided by 484.
9
Calculate the remainder when 166018 is divided by 297.
292
Calculate the remainder when 36 is divided by 28.
8
Calculate the remainder when 327995 is divided by 24.
11
What is the remainder when 49993 is divided by 16648?
49
What is the remainder when 3500 is divided by 989?
533
What is the remainder when 34697 is divided by 118?
5
What is the remainder when 99101 is divided by 152?
149
Calculate the remainder when 1486 is divided by 387.
325
What is the remainder when 48635 is divided by 304?
299
Calculate the remainder when 11357 is divided by 5667.
23
What is the remainder when 142970 is divided by 62?
60
What is the remainder when 534204 is divided by 48?
12
Calculate the remainder when 463862 is divided by 231928.
6
Calculate the remainder when 1942 is divided by 804.
334
What is the remainder when 781 is divided by 261?
259
Calculate the remainder when 221 is divided by 6.
5
What is the remainder when 6733799 is divided by 34?
31
What is the remainder when 33796 is divided by 73?
70
Calculate the remainder when 12075 is divided by 1508.
11
Calculate the remainder when 2695013 is divided by 14.
13
What is the remainder when 55681 is divided by 88?
65
Calculate the remainder when 20318 is divided by 656.
638
What is the remainder when 77292 is divided by 46?
12
Calculate the remainder when 83646 is divided by 239.
235
What is the remainder when 3081742 is divided by 329?
328
Calculate the remainder when 310852 is divided by 22.
14
Calculate the remainder when 25393 is divided by 242.
225
Calculate the remainder when 78635 is divided by 274.
271
What is the remainder when 278 is divided by 133?
12
What is the remainder when 13030 is divided by 91?
17
Calculate the remainder when 434680 is divided by 401.
397
What is the remainder when 5146 is divided by 1252?
138
Calculate the remainder when 6189 is divided by 6.
3
What is the remainder when 46334 is divided by 23159?
16
What is the remainder when 257672 is divided by 21469?
44
Calculate the remainder when 12054 is divided by 754.
744
Calculate the remainder when 277870 is divided by 24.
22
What is the remainder when 62397 is divided by 39?
36
Calculate the remainder when 76124 is divided by 3044.
24
Calculate the remainder when 9088 is divided by 3004.
76
Calculate the remainder when 20241 is divided by 134.
7
What is the remainder when 194280 is divided by 637?
632
Calculate the remainder when 180400 is divided by 19.
14
Calculate the remainder when 16324 is divided by 139.
61
Calculate the remainder when 1160 is divided by 213.
95
Calculate the remainder when 636 is divided by 54.
42
What is the remainder when 6746 is divided by 3138?
470
What is the remainder when 893229 is divided by 606?
591
What is the remainder when 74775 is divided by 459?
417
What is the remainder when 11882 is divided by 860?
702
Calculate the remainder when 1165 is divided by 46.
15
What is the remainder when 427199 is divided by 106796?
15
What is the remainder when 64720 is divided by 161?
159
What is the remainder when 81282 is divided by 4515?
12
What is the remainder when 6669 is divided by 139?
136
What is the remainder when 48987 is divided by 10?
7
Calculate the remainder when 25498 is divided by 10.
8
Calculate the remainder when 5862 is divided by 1870.
252
What is the remainder when 52648 is divided by 41?
4
Calculate the remainder when 13819 is divided by 6848.
123
Calculate the remainder when 1977 is divided by 1779.
198
Calculate the remainder when 8381 is divided by 4.
1
What is the remainder when 377491 is divided by 35?
16
Calculate the remainder when 1776 is divided by 1587.
189
What is the remainder when 9754 is divided by 1077?
61
What is the remainder when 443403 is divided by 88676?
23
Calculate the remainder when 634974 is divided by 16.
14
Calculate the remainder when 39745 is divided by 7.
6
What is the remainder when 681 is divided by 164?
25
Calculate the remainder when 6394 is divided by 6371.
23
What is the remainder when 43145 is divided by 306?
305
Calculate the remainder when 53575 is divided by 43.
40
Calculate the remainder when 155 is divided by 28.
15
What is the remainder when 250436 is divided by 250420?
16
Calculate the remainder when 3290469 is divided by 276.
273
What is the remainder when 3954 is divided by 2418?
1536
Calculate the remainder when 6856 is divided by 250.
106
What is the remainder when 3849 is divided by 70?
69
What is the remainder when 89044 is divided by 1060?
4
Calculate the remainder when 3655 is divided by 558.
307
Calculate the remainder when 27535 is divided by 464.
159
What is the remainder when 492783 is divided by 9?
6
Calculate the remainder when 266814 is divided by 19.
16
Calculate the remainder when 945 is divided by 641.
304
Calculate the remainder when 3357 is divided by 2.
1
What is the remainder when 8534 is divided by 144?
38
What is the remainder when 639180 is divided by 364?
360
What is the remainder when 77000 is divided by 2961?
14
Calculate the remainder when 68652 is divided by 86.
24
Calculate the remainder when 283 is divided by 215.
68
Calculate the remainder when 9979 is divided by 10.
9
What is the remainder when 4605 is divided by 121?
7
Calculate the remainder when 9620 is divided by 1550.
320
What is the remainder when 8868 is divided by 2948?
24
What is the remainder when 6600 is divided by 387?
21
What is the remainder when 255 is divided by 178?
77
Calculate the remainder when 3429 is divided by 10.
9
What is the remainder when 972 is divided by 909?
63
What is the remainder when 549819 is divided by 371?
368
What is the remainder when 3294 is divided by 642?
84
What is the remainder when 6735 is divided by 449?
0
Calculate the remainder when 300757 is divided by 292.
289
What is the remainder when 16033 is divided by 1061?
118
What is the remainder when 4542 is divided by 4404?
138
Calculate the remainder when 13362 is divided by 204.
102
What is the remainder when 269774 is divided by 33?
32
Calculate the remainder when 92492 is divided by 2499.
29
What is the remainder when 4139 is divided by 143?
135
Calculate the remainder when 23771 is divided by 198.
11
What is the remainder when 748179 is divided by 465?
459
Calculate the remainder when 1163 is divided by 50.
13
What is the remainder when 1060 is divided by 115?
25
What is the remainder when 376562 is divided by 188?
186
Calculate the remainder when 15953 is divided by 631.
178
Calculate the remainder when 32925 is divided by 42.
39
What is the remainder when 20235 is divided by 92?
87
What is the remainder when 2374 is divided by 1174?
26
Calculate the remainder when 781 is divided by 774.
7
What is the remainder when 19564 is divided by 84?
76
What is the remainder when 9447 is divided by 632?
599
What is the remainder when 21617 is divided by 10?
7
What is the remainder when 14939 is divided by 108?
35
Calculate the remainder when 3134 is divided by 2222.
912
Calculate the remaind